{"id":28,"date":"2016-09-03T12:54:04","date_gmt":"2016-09-03T12:54:04","guid":{"rendered":"http:\/\/werkstatt.fuelthemes.net\/werkstatt-collective\/?page_id=28"},"modified":"2025-09-11T13:17:17","modified_gmt":"2025-09-11T13:17:17","slug":"home","status":"publish","type":"page","link":"https:\/\/www.traductivaonline.com\/","title":{"rendered":"Inicio"},"content":{"rendered":"[vc_row thb_full_width=\u00bbtrue\u00bb thb_color=\u00bblight-title\u00bb full_height=\u00bbyes\u00bb content_placement=\u00bbmiddle\u00bb thb_scroll_bottom=\u00bbtrue\u00bb thb_scroll_bottom_color=\u00bblight\u00bb thb_divider_position=\u00bbbottom\u00bb css=\u00bb.vc_custom_1757530218971{background: #000000 url(https:\/\/www.traductivaonline.com\/wp-content\/uploads\/2025\/09\/2025_t1-1.png?id=1026) !important;background-position: center !important;background-repeat: no-repeat !important;background-size: cover !important;}\u00bb el_class=\u00bbalign-center header-row\u00bb][vc_column thb_color=\u00bbthb-light-column\u00bb width=\u00bb1\/2&#8243; offset=\u00bbvc_col-lg-9 vc_col-md-11&#8243; el_class=\u00bbtext-center\u00bb][vc_column_text animation=\u00bbanimation scale\u00bb]\n<h2 style=\"text-align: right;\">Las <span style=\"color: #fee899;\"><em>letras <\/em><\/span>se<br \/>\njuntan para crear<br \/>\nlas palabras con las<br \/>\nque damos sentido<br \/>\na tus proyectos<\/h2>\n[\/vc_column_text][\/vc_column][\/vc_row][vc_row thb_divider_position=\u00bbbottom\u00bb css=\u00bb.vc_custom_1474963183909{padding-top: 10vh !important;padding-bottom: 10vh !important;}\u00bb el_class=\u00bbalign-center\u00bb][vc_column offset=\u00bbvc_col-lg-8 vc_col-md-9&#8243;][vc_column_text animation=\u00bbanimation bottom-to-top\u00bb css=\u00bb.vc_custom_1605794166540{padding-right: 10% !important;padding-left: 10% !important;}\u00bb]\n<h6 style=\"text-align: center;\">RESPONDEMOS A TUS NECESIDADES<\/h6>\n[\/vc_column_text][vc_column_text animation=\u00bbanimation bottom-to-top\u00bb css=\u00bb.vc_custom_1605797602337{padding-right: 10% !important;padding-left: 10% !important;}\u00bb]\n<h3 style=\"text-align: center;\">Somos tu boutique de traducci\u00f3n<\/h3>\n[\/vc_column_text][vc_column_text animation=\u00bbanimation bottom-to-top\u00bb css=\u00bb.vc_custom_1610379043089{padding-right: 10% !important;padding-left: 10% !important;}\u00bb]\n<p style=\"text-align: center;\">\u00a0te ofrecemos un servicio personalizado en todo momento\u00a0\u00b7\u00a0asignamos un mismo<br \/>\nequipo a tus proyectos\u00a0\u00b7\u00a0analizamos atentamente los originales para<br \/>\nevitar errores \u00b7 te proponemos mejoras para que el resultado final,<br \/>\nen todos los idiomas, sea \u00f3ptimo \u00b7 te ayudamos a construir y mantener<br \/>\ntus bases terminol\u00f3gicas y tus memorias de traducci\u00f3n\u00a0\u00b7\u00a0cuidamos la<br \/>\nterminolog\u00eda y la coherencia ling\u00fc\u00edstica\u00a0\u00b7\u00a0trabajamos a partir de los<br \/>\noriginales y las traducciones que has aprobado\u00a0\u00b7\u00a0participamos<br \/>\nactivamente en tu estrategia de mejora de la calidad[\/vc_column_text][\/vc_column][\/vc_row][vc_row content_placement=\u00bbtop\u00bb thb_divider_position=\u00bbbottom\u00bb css=\u00bb.vc_custom_1605774904975{padding-top: 10vh !important;padding-bottom: 1vh !important;}\u00bb el_class=\u00bbalign-center\u00bb][vc_column css=\u00bb.vc_custom_1474963318991{padding-right: 10% !important;padding-left: 10% !important;}\u00bb offset=\u00bbvc_col-lg-8 vc_col-md-9&#8243;][vc_column_text animation=\u00bbanimation bottom-to-top\u00bb css=\u00bb.vc_custom_1605794427849{padding-right: 10% !important;padding-left: 10% !important;}\u00bb]\n<h6 style=\"text-align: center;\">CREAMOS VALOR<\/h6>\n[\/vc_column_text][vc_column_text animation=\u00bbanimation bottom-to-top\u00bb css=\u00bb.vc_custom_1606750657854{padding-right: 10% !important;padding-left: 10% !important;}\u00bb]\n<h3 class=\"rb_textmodule_title\" style=\"text-align: center;\">Realizamos traducciones de calidad a un precio competitivo y respetando siempre el plazo de entrega<\/h3>\n[\/vc_column_text][\/vc_column][\/vc_row][vc_row thb_full_width=\u00bbtrue\u00bb thb_row_padding=\u00bbtrue\u00bb thb_column_padding=\u00bbtrue\u00bb thb_divider_position=\u00bbbottom\u00bb css=\u00bb.vc_custom_1557941284612{padding-bottom: 100px !important;}\u00bb][vc_column width=\u00bb1\/3&#8243; css=\u00bb.vc_custom_1557940823381{padding-top: 10% !important;padding-right: 10% !important;padding-bottom: 10% !important;padding-left: 10% !important;background-color: #fee899 !important;}\u00bb]\t<a id=\"thb-iconbox-6a07961db9782\" class=\"has-link thb-iconbox top type4    animation-true \" href=\"https:\/\/www.traductivaonline.com\/?page_id=190\" target=\"_self\" data-animation_speed=\"1.5\">\n\t\t\t\t\t\t<div class=\"iconbox-content\">\n\t\t\t<h5>Servicios <em>integrales<\/em> de traducci\u00f3n.<\/h5>\t\t\t<div class=\"thb-iconbox-text\">\n\t\t\t\t<p>An\u00e1lisis de originales (nos aseguramos de que tus originales no contienen errores tipogr\u00e1ficos y de sentido para que optimices la calidad de tus textos).<\/p>\n\t\t\t<\/div>\n\t\t<\/div>\n\t\t\t\t<div class=\"thb-iconbox-readmore\"><span>SEGUIR LEYENDO<\/span><\/div>\n\t\t\t\t\t\t<style>\n\t\t\t\t\t#thb-iconbox-6a07961db9782.thb-iconbox {\n\t\t\t\tmin-height: 50vh;\n\t\t\t}\n\t\t\t\t\t\t\t\t\t\t\t\t\t\t\t\t\t\t\t\t\/* Hover *\/\n\t\t\t\t\t\t\t\t\t\t\t<\/style>\n\t\t\t<\/a>\n\t[\/vc_column][vc_column width=\u00bb1\/3&#8243; css=\u00bb.vc_custom_1557941269365{padding: 10% !important;background-color: #fec4c2 !important;}\u00bb]\t<a id=\"thb-iconbox-6a07961db9850\" class=\"has-link thb-iconbox top type4    animation-true \" href=\"https:\/\/www.traductivaonline.com\/?page_id=190\" target=\"_self\" data-animation_speed=\"1.5\">\n\t\t\t\t\t\t<div class=\"iconbox-content\">\n\t\t\t<h5>Traducci\u00f3n de contenidos en <em>l\u00ednea.<\/em><\/h5>\t\t\t<div class=\"thb-iconbox-text\">\n\t\t\t\t<p>Traducimos tus contenidos digitales y los adaptamos a tu p\u00fablico objetivo.<\/p>\n\t\t\t<\/div>\n\t\t<\/div>\n\t\t\t\t<div class=\"thb-iconbox-readmore\"><span>SEGUIR LEYENDO<\/span><\/div>\n\t\t\t\t\t\t<style>\n\t\t\t\t\t#thb-iconbox-6a07961db9850.thb-iconbox {\n\t\t\t\tmin-height: 50vh;\n\t\t\t}\n\t\t\t\t\t\t\t\t\t\t\t\t\t\t\t\t\t\t\t\t\/* Hover *\/\n\t\t\t\t\t\t\t\t\t\t\t<\/style>\n\t\t\t<\/a>\n\t[\/vc_column][vc_column width=\u00bb1\/3&#8243; css=\u00bb.vc_custom_1557941275424{padding: 10% !important;background-color: #c5ebf6 !important;}\u00bb]\t<a id=\"thb-iconbox-6a07961db98be\" class=\"has-link thb-iconbox top type4    animation-true \" href=\"https:\/\/www.traductivaonline.com\/?page_id=190\" target=\"_self\" data-animation_speed=\"1.5\">\n\t\t\t\t\t\t<div class=\"iconbox-content\">\n\t\t\t<h5>Posedici\u00f3n de <em>traducciones<\/em> y edici\u00f3n de originales.<\/h5>\t\t\t<div class=\"thb-iconbox-text\">\n\t\t\t\t<p>Convertimos la traducci\u00f3n autom\u00e1tica en un producto que iguala la naturalidad, precisi\u00f3n y coherencia ling\u00fc\u00edstica de una traducci\u00f3n humana.<\/p>\n\t\t\t<\/div>\n\t\t<\/div>\n\t\t\t\t<div class=\"thb-iconbox-readmore\"><span>SEGUIR LEYENDO<\/span><\/div>\n\t\t\t\t\t\t<style>\n\t\t\t\t\t#thb-iconbox-6a07961db98be.thb-iconbox {\n\t\t\t\tmin-height: 50vh;\n\t\t\t}\n\t\t\t\t\t\t\t\t\t\t\t\t\t\t\t\t\t\t\t\t\/* Hover *\/\n\t\t\t\t\t\t\t\t\t\t\t<\/style>\n\t\t\t<\/a>\n\t[\/vc_column][\/vc_row][vc_row thb_divider_position=\u00bbbottom\u00bb css=\u00bb.vc_custom_1475009701825{padding-top: 10vh !important;padding-bottom: 1vh !important;}\u00bb el_class=\u00bbalign-center\u00bb][vc_column css=\u00bb.vc_custom_1474963318991{padding-right: 10% !important;padding-left: 10% !important;}\u00bb offset=\u00bbvc_col-lg-8 vc_col-md-9&#8243;][vc_column_text animation=\u00bbanimation fade-in\u00bb]\n<h6 style=\"text-align: center;\">EQUIPO<\/h6>\n[\/vc_column_text][vc_column_text animation=\u00bbanimation bottom-to-top\u00bb css=\u00bb.vc_custom_1606750665908{padding-right: 10% !important;padding-left: 10% !important;}\u00bb]\n<h3 class=\"rb_textmodule_title\" style=\"text-align: center;\">Somos un equipo de especialistas dispuestos a ayudarte en tu proyecto ling\u00fc\u00edstico<\/h3>\n[\/vc_column_text][\/vc_column][\/vc_row][vc_row thb_divider_position=\u00bbbottom\u00bb css=\u00bb.vc_custom_1474963291246{padding-bottom: 10vh !important;}\u00bb][vc_column]\t<div id=\"thb-team-96\" class=\"thb-team-row \">\n\t\t<div class=\"row slick\" data-columns=\"medium-4 large-3\" data-center=\"true\" data-navigation=\"true\">\n\t\t\t\t<div class=\"thb-team-member columns member_style1 has-link\">\n\t\t<img width=\"646\" height=\"680\" src=\"data:image\/gif;base64,R0lGODlhAQABAAAAACH5BAEKAAEALAAAAAABAAEAAAICTAEAOw==\" class=\"attachment-full size-full thb-lazyload lazyload\" alt=\"\" loading=\"lazy\" sizes=\"(max-width: 646px) 100vw, 646px\" data-src=\"https:\/\/www.traductivaonline.com\/wp-content\/uploads\/2020\/11\/cris2-1.png\" data-sizes=\"auto\" data-srcset=\"https:\/\/www.traductivaonline.com\/wp-content\/uploads\/2020\/11\/cris2-1.png 646w, https:\/\/www.traductivaonline.com\/wp-content\/uploads\/2020\/11\/cris2-1-640x674.png 640w, https:\/\/www.traductivaonline.com\/wp-content\/uploads\/2020\/11\/cris2-1-320x337.png 320w, https:\/\/www.traductivaonline.com\/wp-content\/uploads\/2020\/11\/cris2-1-20x21.png 20w\" \/>\t\t\t\t\t<div class=\"team-information\">\n\t\t\t\t<h6>Christina Gm\u00fcr<\/h6>\n\t\t\t\t<p class=\"job-title\">Directora Ejecutiva<\/p>\n\t\t\t\t\t\t\t\t<div class=\"thb-description\"><p><a href=\"#\"><i class=\"fa fa-linkedin-square\"><\/i><\/a> <\/p>\n<\/div>\n\t\t\t\t\t\t\t<\/div>\n\t\t\t\t\t\t\t<a href=\"https:\/\/www.linkedin.com\/in\/christina-gm%C3%BCr-379b8118\/\" class=\"team-member-link\" target=\"\" title=\"\"><\/a>\n\t\t\t<\/div>\n\t\t<div class=\"thb-team-member columns member_style1 \">\n\t\t<img width=\"646\" height=\"680\" src=\"data:image\/gif;base64,R0lGODlhAQABAAAAACH5BAEKAAEALAAAAAABAAEAAAICTAEAOw==\" class=\"attachment-full size-full thb-lazyload lazyload\" alt=\"\" loading=\"lazy\" sizes=\"(max-width: 646px) 100vw, 646px\" data-src=\"https:\/\/www.traductivaonline.com\/wp-content\/uploads\/2025\/09\/2025_louise-1.png\" data-sizes=\"auto\" data-srcset=\"https:\/\/www.traductivaonline.com\/wp-content\/uploads\/2025\/09\/2025_louise-1.png 646w, https:\/\/www.traductivaonline.com\/wp-content\/uploads\/2025\/09\/2025_louise-1-640x674.png 640w, https:\/\/www.traductivaonline.com\/wp-content\/uploads\/2025\/09\/2025_louise-1-320x337.png 320w, https:\/\/www.traductivaonline.com\/wp-content\/uploads\/2025\/09\/2025_louise-1-20x21.png 20w\" \/>\t\t\t\t\t<div class=\"team-information\">\n\t\t\t\t<h6>Louise Vilain<\/h6>\n\t\t\t\t<p class=\"job-title\">Profesional<\/p>\n\t\t\t\t\t\t\t<\/div>\n\t\t\t\t\t<\/div>\n\t\t<div class=\"thb-team-member columns member_style1 \">\n\t\t<img width=\"646\" height=\"680\" src=\"data:image\/gif;base64,R0lGODlhAQABAAAAACH5BAEKAAEALAAAAAABAAEAAAICTAEAOw==\" class=\"attachment-full size-full thb-lazyload lazyload\" alt=\"\" loading=\"lazy\" sizes=\"(max-width: 646px) 100vw, 646px\" data-src=\"https:\/\/www.traductivaonline.com\/wp-content\/uploads\/2025\/09\/2025_joanna-1.png\" data-sizes=\"auto\" data-srcset=\"https:\/\/www.traductivaonline.com\/wp-content\/uploads\/2025\/09\/2025_joanna-1.png 646w, https:\/\/www.traductivaonline.com\/wp-content\/uploads\/2025\/09\/2025_joanna-1-640x674.png 640w, https:\/\/www.traductivaonline.com\/wp-content\/uploads\/2025\/09\/2025_joanna-1-320x337.png 320w, https:\/\/www.traductivaonline.com\/wp-content\/uploads\/2025\/09\/2025_joanna-1-20x21.png 20w\" \/>\t\t\t\t\t<div class=\"team-information\">\n\t\t\t\t<h6>Joanna Neville<\/h6>\n\t\t\t\t<p class=\"job-title\">Profesional<\/p>\n\t\t\t\t\t\t\t<\/div>\n\t\t\t\t\t<\/div>\n\t\t<div class=\"thb-team-member columns member_style1 \">\n\t\t<img width=\"646\" height=\"680\" src=\"data:image\/gif;base64,R0lGODlhAQABAAAAACH5BAEKAAEALAAAAAABAAEAAAICTAEAOw==\" class=\"attachment-full size-full thb-lazyload lazyload\" alt=\"\" loading=\"lazy\" sizes=\"(max-width: 646px) 100vw, 646px\" data-src=\"https:\/\/www.traductivaonline.com\/wp-content\/uploads\/2025\/09\/2025_heiko-1.png\" data-sizes=\"auto\" data-srcset=\"https:\/\/www.traductivaonline.com\/wp-content\/uploads\/2025\/09\/2025_heiko-1.png 646w, https:\/\/www.traductivaonline.com\/wp-content\/uploads\/2025\/09\/2025_heiko-1-640x674.png 640w, https:\/\/www.traductivaonline.com\/wp-content\/uploads\/2025\/09\/2025_heiko-1-320x337.png 320w, https:\/\/www.traductivaonline.com\/wp-content\/uploads\/2025\/09\/2025_heiko-1-20x21.png 20w\" \/>\t\t\t\t\t<div class=\"team-information\">\n\t\t\t\t<h6>Heiko Goeckel<\/h6>\n\t\t\t\t<p class=\"job-title\">Profesional<\/p>\n\t\t\t\t\t\t\t<\/div>\n\t\t\t\t\t<\/div>\n\t\t\t<\/div>\n\t<\/div>\n\t[\/vc_column][\/vc_row][vc_row thb_divider_position=\u00bbbottom\u00bb el_class=\u00bbalign-center\u00bb css=\u00bb.vc_custom_1561641278784{padding-top: 130px !important;padding-bottom: 130px !important;}\u00bb][vc_column offset=\u00bbvc_col-lg-9 vc_col-md-11&#8243; el_class=\u00bbtext-center\u00bb css=\u00bb.vc_custom_1561572607397{padding-right: 5% !important;padding-left: 5% !important;}\u00bb]\t<div id=\"thb-slidetype-6a07961dba52c\" class=\"thb-slidetype \" data-style=\"style2\">\n\t\t\n<h2><strong><span class=\"thb-slidetype-entry\"><span class=\"lines\">\u201cLa traducci\u00f3n es la esencia de la civilizaci\u00f3n moderna.\u201d I.B. Singer.<\/span><\/span><\/strong><\/h2>\n\t\t\t<\/div>\n\n  [\/vc_column][\/vc_row][vc_row thb_full_width=\u00bbtrue\u00bb thb_row_padding=\u00bbtrue\u00bb thb_column_padding=\u00bbtrue\u00bb parallax=\u00bbcontent-moving-fade\u00bb parallax_speed_bg=\u00bb1.2&#8243; thb_divider_position=\u00bbbottom\u00bb css=\u00bb.vc_custom_1757580517214{padding-top: 28vh !important;padding-bottom: 28vh !important;background-image: url(https:\/\/www.traductivaonline.com\/wp-content\/uploads\/2025\/09\/2025_t2_big.jpg?id=1043) !important;}\u00bb][vc_column thb_color=\u00bbthb-light-column\u00bb el_class=\u00bbtext-center\u00bb]\t<div id=\"thb-slidetype-6a07961dba55a\" class=\"thb-slidetype \" data-style=\"style1\">\n\t\t\n<h1><strong><span class=\"thb-slidetype-entry\"><span class=\"lines\">Trabajemos juntos<\/span><\/span><\/strong><\/h1>\n\t\t\t\t<style>\n\t\t\t#thb-slidetype-6a07961dba55a .thb-slidetype-entry {\n\t\t\t\tcolor: #ffffff;\n\t\t\t}\n\t\t<\/style>\n\t\t\t<\/div>\n\n  [vc_empty_space height=\u00bb8px\u00bb]\t<a class=\"btn-text   style2\" href=\"https:\/\/www.traductivaonline.com\/?page_id=218\" target=\"_self\" role=\"button\" title=\"Pide un presupuesto\">\n\t\t\t\t\t\t<span>Pide un presupuesto<\/span>\n\t\t\t\t\t<\/a>\n\t[\/vc_column][\/vc_row]\n","protected":false},"excerpt":{"rendered":"<p>[vc_row thb_full_width=\u00bbtrue\u00bb thb_color=\u00bblight-title\u00bb full_height=\u00bbyes\u00bb content_placement=\u00bbmiddle\u00bb thb_scroll_bottom=\u00bbtrue\u00bb thb_scroll_bottom_color=\u00bblight\u00bb thb_divider_position=\u00bbbottom\u00bb css=\u00bb.vc_custom_1757530218971{background: #000000 url(https:\/\/www.traductivaonline.com\/wp-content\/uploads\/2025\/09\/2025_t1-1.png?id=1026) !important;background-position: center !important;background-repeat: no-repeat !important;background-size: cover !important;}\u00bb el_class=\u00bbalign-center header-row\u00bb][vc_column thb_color=\u00bbthb-light-column\u00bb width=\u00bb1\/2&#8243; offset=\u00bbvc_col-lg-9 vc_col-md-11&#8243; el_class=\u00bbtext-center\u00bb][vc_column_text animation=\u00bbanimation scale\u00bb] Las letras se juntan para crear las palabras con las que damos sentido a tus proyectos [\/vc_column_text][\/vc_column][\/vc_row][vc_row thb_divider_position=\u00bbbottom\u00bb css=\u00bb.vc_custom_1474963183909{padding-top: 10vh !important;padding-bottom: 10vh !important;}\u00bb el_class=\u00bbalign-center\u00bb][vc_column offset=\u00bbvc_col-lg-8 vc_col-md-9&#8243;][vc_column_text animation=\u00bbanimation bottom-to-top\u00bb&hellip;<\/p>\n","protected":false},"author":1,"featured_media":0,"parent":0,"menu_order":0,"comment_status":"closed","ping_status":"closed","template":"","meta":[],"_links":{"self":[{"href":"https:\/\/www.traductivaonline.com\/index.php?rest_route=\/wp\/v2\/pages\/28"}],"collection":[{"href":"https:\/\/www.traductivaonline.com\/index.php?rest_route=\/wp\/v2\/pages"}],"about":[{"href":"https:\/\/www.traductivaonline.com\/index.php?rest_route=\/wp\/v2\/types\/page"}],"author":[{"embeddable":true,"href":"https:\/\/www.traductivaonline.com\/index.php?rest_route=\/wp\/v2\/users\/1"}],"replies":[{"embeddable":true,"href":"https:\/\/www.traductivaonline.com\/index.php?rest_route=%2Fwp%2Fv2%2Fcomments&post=28"}],"version-history":[{"count":87,"href":"https:\/\/www.traductivaonline.com\/index.php?rest_route=\/wp\/v2\/pages\/28\/revisions"}],"predecessor-version":[{"id":1063,"href":"https:\/\/www.traductivaonline.com\/index.php?rest_route=\/wp\/v2\/pages\/28\/revisions\/1063"}],"wp:attachment":[{"href":"https:\/\/www.traductivaonline.com\/index.php?rest_route=%2Fwp%2Fv2%2Fmedia&parent=28"}],"curies":[{"name":"wp","href":"https:\/\/api.w.org\/{rel}","templated":true}]}}